 22505867 a composite number?
True
Is 3425989 composite?
True
Is 24746623 a composite number?
True
Is 107266561 prime?
False
Is 122529653 prime?
True
Is 27910199 composite?
True
Is 6781511 a prime number?
False
Is 336208771 prime?
True
Is 48720523 a composite number?
False
Is 2924167 prime?
True
Is 174841 a composite number?
True
Is 4770911 composite?
False
Is 4041827 composite?
False
Is 7690297 a prime number?
True
Is 43885693 prime?
True
Is 235174909 a composite number?
False
Is 162117299 prime?
True
Is 971311 composite?
True
Is 7498057 a prime number?
False
Is 134077613 a composite number?
False
Is 148020643 composite?
True
Is 16840379 a composite number?
True
Is 85069843 a composite number?
False
Is 634706 a prime number?
False
Is 12328243 a composite number?
False
Is 735275609 prime?
True
Is 12359987 composite?
False
Is 43135327 a prime number?
False
Is 79508231 a composite number?
True
Is 1713671 a prime number?
True
Is 4189477 a prime number?
True
Is 2002079 a composite number?
False
Is 259906249 composite?
True
Is 14272301 a prime number?
True
Is 1896511 prime?
False
Is 15253 composite?
True
Is 13475909 a prime number?
True
Is 166073469 a composite number?
True
Is 39952249 prime?
False
Is 612197 prime?
False
Is 11080123 prime?
True
Is 2576967 a prime number?
False
Is 1273169 composite?
True
Is 65641763 prime?
False
Is 75608063 a prime number?
True
Is 178463387 prime?
False
Is 31803451 prime?
False
Is 116093279 composite?
True
Is 114167797 composite?
False
Is 12166799 a prime number?
True
Is 380837 prime?
True
Is 2972639 a prime number?
True
Is 192703523 a composite number?
True
Is 21691963 a composite number?
False
Is 15851021 composite?
True
Is 273158257 prime?
True
Is 58378079 composite?
True
Is 5256419 composite?
True
Is 12132938 a composite number?
True
Is 46075609 prime?
False
Is 752549 a composite number?
True
Is 5828591 composite?
True
Is 85766321 composite?
False
Is 37961207 a prime number?
True
Is 17029967 composite?
False
Is 97982201 a prime number?
False
Is 3517867 a prime number?
True
Is 3591949 a composite number?
False
Is 179623993 a composite number?
True
Is 5547147 a composite number?
True
Is 24205499 a composite number?
True
Is 3921574 a composite number?
True
Is 384836219 prime?
True
Is 25124041 composite?
False
Is 10832623 a prime number?
False
Is 401426191 prime?
True
Is 146552467 a prime number?
False
Is 153660055 composite?
True
Is 1503127 a composite number?
False
Is 7359119 a composite number?
True
Is 194872121 composite?
False
Is 2392672561 a composite number?
False
Is 661907 composite?
True
Is 153583033 a prime number?
False
Is 5648651 prime?
True
Is 13601209 a prime number?
False
Is 966978251 prime?
False
Is 5917487 prime?
False
Is 86756801 composite?
False
Is 7073359 composite?
True
Is 43772615 prime?
False
Is 127830017 composite?
True
Is 2545265 a prime number?
False
Is 14122237 composite?
False
Is 3385289 composite?
True
Is 3752907 a prime number?
False
Is 104256661 prime?
True
Is 75872267 prime?
False
Is 10900333 prime?
False
Is 154655 a composite number?
True
Is 98977231 prime?
False
Is 135798581 a prime number?
True
Is 82133917 prime?
False
Is 419329319 prime?
True
Is 14799157 a composite number?
True
Is 1213109 prime?
True
Is 1585457 a prime number?
True
Is 67999147 a composite number?
True
Is 5293831 prime?
False
Is 56303041 composite?
True
Is 94891691 a composite number?
False
Is 68509741 prime?
False
Is 8642897 composite?
False
Is 43034779 a composite number?
False
Is 450044131 a prime number?
False
Is 1991914 composite?
True
Is 15724739 a prime number?
False
Is 94715897 composite?
False
Is 2457421 prime?
True
Is 2588933 a composite number?
True
Is 19341743 composite?
True
Is 18008123 prime?
False
Is 92129101 prime?
True
Is 5662757 prime?
True
Is 600877 a prime number?
True
Is 18605773 composite?
False
Is 23139481 a composite number?
False
Is 242441617 a prime number?
False
Is 17903033 a composite number?
False
Is 58165001 prime?
False
Is 13444957 a composite number?
True
Is 169421087 composite?
True
Is 965527 prime?
False
Is 11208619 composite?
False
Is 3243199 a composite number?
True
Is 80347469 prime?
False
Is 7358053 prime?
False
Is 46123145 composite?
True
Is 6261487 a prime number?
False
Is 5800573 composite?
False
Is 4866847 a prime number?
True
Is 8859253 prime?
False
Is 363681317 a prime number?
True
Is 99395979 prime?
False
Is 27439133 a composite number?
True
Is 53031353 a composite number?
True
Is 30635911 composite?
True
Is 113474041 a prime number?
True
Is 21551281 prime?
False
Is 839203 composite?
False
Is 7061701 a composite number?
False
Is 104788373 composite?
False
Is 12365627 a prime number?
True
Is 587991 a prime number?
False
Is 13103093 prime?
False
Is 159501077 composite?
True
Is 2559839 a prime number?
True
Is 35528477 composite?
False
Is 853637 a composite number?
False
Is 5863339 a prime number?
False
Is 3314119 composite?
False
Is 138992599 composite?
True
Is 347461 prime?
False
Is 98778671 a composite number?
False
Is 18021187 prime?
True
Is 45545 composite?
True
Is 1477921 composite?
True
Is 22874069 prime?
False
Is 124777831 composite?
False
Is 4845539 composite?
False
Is 60449397 a composite number?
True
Is 15806859 a composite number?
True
Is 56090423 a composite number?
False
Is 3585043721 prime?
False
Is 2235887 composite?
False
Is 26097707 a prime number?
False
Is 6642793 a prime number?
True
Is 111554207 prime?
True
Is 4460941 a composite number?
False
Is 251041361 a prime number?
True
Is 3401869 a composite number?
False
Is 42626761 a prime number?
True
Is 1539595 a prime number?
False
Is 9461651 a prime number?
True
Is 28483849 prime?
True
Is 323100235 composite?
True
Is 72729143 a prime number?
True
Is 62312917 a prime number?
True
Is 67277051 composite?
True
Is 10850019 prime?
False
Is 105035603 composite?
False
Is 11283797 composite?
True
Is 341423 composite?
False
Is 7076177 composite?
False
Is 599054041 a composite number?
True
Is 28279001 a prime number?
False
Is 7073515 prime?
False
Is 192593 prime?
False
Is 1395727 a prime number?
False
Is 10263479 a prime number?
True
Is 17308891 a prime number?
True
Is 48655457 prime?
True
Is 32931841 a composite number?
False
Is 3561749 a prime number?
True
Is 6334841 prime?
True
Is 186148241 a composite number?
True
Is 1126051 a prime number?
False
Is 8009831 a prime number?
True
Is 3505603 a prime number?
False
Is 22036121 a composite number?
False
Is 5237767 a prime number?
False
Is 41389337 composite?
True
Is 552039567 a composite number?
True
Is 14167541 composite?
True
Is 9732179 composite?
False
Is 8420309 a prime number?
False
Is 33053221 composite?
True
Is 6409363 prime?
True
Is 1290255757 composite?
True
Is 567532201 a prime number?
True
Is 698663103 a composite number?
True
Is 782626441 a composite number?
False
Is 1186321 composite?
False
Is 2264929 a composite number?
True
Is 872467243 composite?
False
Is 378033 a prime number?
False
Is 310939 prime?
False
Is 14979427 a prime number?
False
Is 1506607 prime?
True
Is 13349366 prime?
False
Is 75179443 composite?
False
Is 871307 composite?
True
Is 9283441 a composite number?
True
Is 1616653 prime?
False
Is 101539 composite?
True
Is 215758213 prime?
False
Is 8837753 composite?
False
Is 102953 a composite number?
False
Is 23585435 prime?
False
Is 25690571 a composite number?
False
Is 16457873 a prime number?
False
Is 68368379 prime?
False
Is 376351 a prime number?
True
Is 262501247 composite?
True
Is 38533873 a prime number?
False
Is 233083667 a prime number?
True
Is 1193069 prime?
False
Is 298973621 a prime number?
False
Is 2671021 a prime number?
True
Is 758900537 a composite number?
False
Is 5306419 prime?
True
Is 330839 a prime number?
True
Is 544339703 composite?
False
Is 4353083 composite?
True
Is 212441743 a prime number?
True
Is 85904779 a composite number?
True
Is 5424337 prime?
False
Is 418051 prime?
True
Is 402084491 prime?
False
Is 408134941 a composite number?
True
Is 835785139 composite?
True
Is 65156269 a prime number?
False
Is 6715549 composite?
True
Is 279511 a composite number?
False
Is 225214799 composite?
False
Is 403963019 prime?
True
Is 52889267 a composite number?
False
Is 13276173 a composite number?
True
Is 12091853 composite?
Tr